*j**2 - 18*j + 6. Let v be w(18). Suppose -n = -7*x + v*x - 472, 2*x = 10. What is the units digit of n?
7
Suppose 0 = -50*z + 54115 + 251735. What is the tens digit of z?
1
Suppose q - 312 = 10336. What is the hundreds digit of q?
6
Suppose -4*w - 35 = -43. Suppose -4*f = -5*l + 26, -2*l = 3*f + 6 + w. Suppose 0 = y + l*z - 29, 0 = 2*y - 0*z - 4*z - 90. What is the tens digit of y?
3
What is the ten thousands digit of 11/(-66) + -7 + 567896/48?
1
Let q(v) = -11*v**2 - 725*v + 75. What is the thousands digit of q(-23)?
0
Suppose 0 = 2*t - 4*p - 230, -4*t + p = -4*p - 457. Suppose 4*y - 217 - t = -2*u, 2*u - 328 = -5*y. What is the units digit of -14*(u/(-26) + 1 + 0)?
7
Suppose -94*x + 271108 = -18*x - 585792. What is the units digit of x?
5
Let g be (19 - 21) + 4/1. Suppose -2*a - 7 - 1 = 0, 2*s = g*a + 22. Suppose 43*j = 42*j + s. What is the units digit of j?
7
What is the hundreds digit of (30/9)/(40768/20376 + -2)?
2
Suppose 11*p + 19*p - 3*p = 0. Suppose 4*x + t - 2072 = p, -5*x + 818 = -2*t - 1772. What is the tens digit of x?
1
Let i(h) = -h**2 - 15*h - 2. Let a be i(-15). Let x be 3/(3/a) + (-12 - 11). What is the units digit of ((120/x)/2)/((-3)/40)?
2
Let o(p) = p**3 - 9*p**2 + 2. Let t be o(9). Suppose -13*n + t*u = -16*n + 679, -448 = -2*n + u. What is the tens digit of n?
2
Suppose 87*d - 1106983 = -104830. What is the ten thousands digit of d?
1
Let w be 10 + 1 + (0 - (-2 - -2)). Let y be 900/5*w/2. Suppose -5*c = 320 - y. What is the tens digit of c?
3
Let v be (-245)/350 + 6/(-20). What is the hundreds digit of v + (723 - 2) + (-3)/3?
7
Let a = 17721 + -17567. Suppose -2*b = 26 + 96. Let o = a + b. What is the tens digit of o?
9
Suppose 0 = 2*q, -2*q - 48 + 198 = b. Let o be (-14)/28 - 130/4. Let y = b + o. What is the hundreds digit of y?
1
Suppose q - 2*w = -6, 2*q + w = -q + 3. Suppose q = 3*p + 4*u + 141, p + 4*p + 252 = -u. What is the tens digit of ((-51)/4)/(p/136)?
3
Let z(o) = 48*o**3 + 0*o + 18 - 7 - 4*o**2 - 3*o**3 - 2*o. What is the hundreds digit of z(2)?
3
Let i(w) = 34*w**2 - w - 1. Let d be (4/5)/(4/10). Suppose 4*m + 6 = y, 4 = 3*m - 7*m + d*y. What is the units digit of i(m)?
7
Suppose -2*g - 2*g + 3*h = -27, 0 = g + 2*h - 4. Suppose g*l - l = 1740. Suppose 3*v = 2*u + l, 5*v - u = 548 + 25. What is the tens digit of v?
1
Let t be 2/4*-6*-1. Suppose 1035 = 3*w + t*z, z = -4*w + 2*w + 695. What is the tens digit of w?
5
Suppose -7*f + 12*f - 34371 = h, 4*f = -5*h + 27520. What is the tens digit of f?
7
Suppose -4*g + 3*g = 51. Let k = g + 58. What is the tens digit of (-28)/(-49) + 444/k?
6
Suppose -3*y + 26231 + 42663 = 4*m, 5*y - 114802 = -4*m. What is the hundreds digit of y?
9
Let d(p) = 6*p**3 + p**2. Let q be d(1). Let j(o) be the third derivative of o**4/12 - 2*o**3/3 + 568*o**2. What is the units digit of j(q)?
0
Let j(h) = 15988*h - 3295. What is the tens digit of j(3)?
6
Let s = 23 + -52. Let w(v) = -v**3 - 14*v**2 + 26*v + 35. Let h be w(-16). Let c = s + h. What is the tens digit of c?
0
Let j be 2/4 - (-7)/(-14)*-3859. Suppose -2*v - j = -3*z + 2*v, 4*z - v = 2569. What is the units digit of z?
2
Suppose -155*w = -156*w + 12. What is the units digit of w/36 + (-728)/(-3)?
3
Let r(u) = 380*u**2 - 4*u - 30. What is the thousands digit of r(-3)?
3
Let m(g) = -6 + 8 - 11*g + 5 - g**2. Suppose -140 - 157 = 33*i. What is the tens digit of m(i)?
2
Let a be ((-60)/45)/((-6)/9). Suppose -3*n + 2*o = -12, 7*n = 2*n - a*o + 4. What is the units digit of n?
2
Let c(j) be the first derivative of j**4/4 - j**3 - 5*j**2/2 + 7*j - 2. Suppose 44 = 4*w + 4*x, -2*x + 20 = 5*w - 20. What is the tens digit of c(w)?
8
Let c = -25 + 15. Let v(f) = -f**2 - 9*f + 14. Let q be v(c). Suppose 8 = q*a - 2*a, -a + 308 = 4*m. What is the tens digit of m?
7
Let f(p) = -21*p - 634. What is the hundreds digit of f(-53)?
4
Let r(w) = -466*w**2 + 2*w + 1. Let i be r(-1). Let u = 752 + i. Let y = 550 - u. What is the units digit of y?
5
Let p = -964 + 6289. What is the units digit of p?
5
Suppose -9*f = 44 - 197. Suppose 4*h + 35 = 2*x - 15, -f = h - 5*x. What is the hundreds digit of (-1878)/h + 3/(-6)?
1
What is the thousands digit of ((-22138)/4)/(1/(-1) - 40/(-80))?
1
Let n be 3/(36/(-736))*6 - -3. Let u = 855 + n. What is the tens digit of u?
9
Let x be 0/(((-32)/(-24))/((-2)/3)). Suppose 27*z - 41*z + 4592 = x. What is the hundreds digit of z?
3
Let s(j) = 5*j + 22. Let b(r) = -4*r - 23. Let a(h) = -2*b(h) - 3*s(h). Let y be a(-3). What is the units digit of (3 - y) + (125 - 3 - -6)?
0
Let g = 10312 + -910. What is the hundreds digit of g?
4
Let q(i) = 188*i + 1737. What is the units digit of q(6)?
5
Let a = 12302 - -39716. What is the units digit of a?
8
What is the hundreds digit of ((0 - 8) + 11)*64494/54?
5
Let k = -405 + 406. What is the thousands digit of 283647/195 + 6/(-10) - k?
1
Let l = 10780 + -6401. What is the units digit of l?
9
What is the tens digit of ((-383589)/(-36))/((-72)/(-96))?
0
Suppose x = 3*o + 8, -3*x - 25 = 5*o - 7*x. Let k = 69 + o. What is the tens digit of k?
6
Suppose 4*i + 0*i - 2*m = 2, -4*m - 20 = 0. What is the tens digit of (15/(-30))/(i - 297/(-150))?
2
Suppose 1602616 = 334*p - 7815072 - 4535830. What is the units digit of p?
7
Suppose -16*c + 84328 + 338917 = 8125. What is the thousands digit of c?
5
Let a(l) = 2*l**3 - 10*l**2 + 4*l - 5. Let h be a(8). Let i = h - -345. What is the tens digit of i?
5
Suppose 4*u = 3*u - 15. Let g = u + 19. Suppose -3*j + 90 = -r - g*r, 3*j - r - 78 = 0. What is the tens digit of j?
2
Let v = -59 + 62. Let p be ((-60)/(-9))/(-5)*v*-1. What is the tens digit of 54 - (-8 - (0 - p))?
5
Let z be 51/15 + 10/(-25). Suppose -2*m + z*i = -865 - 115, 0 = m + 4*i - 490. What is the hundreds digit of m?
4
Let x(h) = h**3 + 10*h**2 + 8*h - 5. Let u be x(-9). Let n = 330 - 326. Suppose 0 = n*f - 3*g - 605, -9*f + 4*g + 757 = -u*f. What is the units digit of f?
9
Let j = -291 - -357. Suppose f - 30 = j. What is the units digit of f?
6
Let k = -67 + 133. Suppose -k*j + 11803 = -55*j. What is the thousands digit of j?
1
Let b(r) = -r**3 + 214*r - 88*r + 9*r**2 - 103*r + 31. What is the tens digit of b(11)?
4
Let x be (-14448)/(-6 - -18) - (-4)/1. Let o = x + 2244. What is the thousands digit of o?
1
What is the hundreds digit of (((-180)/(-9))/5)/(-4)*-8913?
9
Suppose 24200 + 18696 = -3*u + 7*u. What is the ten thousands digit of u?
1
Suppose 20382 = 29*h + 2605. Let p = h - 77. What is the hundreds digit of p?
5
Suppose 15*d - 14*d - 7 = 0. Let l(c) = 51*c**2 - 14*c - 108*c**2 + d + 56*c**2. What is the tens digit of l(-10)?
4
Suppose h - 14111 = -2*m, 6*m + 2*h = 47177 - 4839. What is the units digit of m?
8
Suppose 0 = y + 3*y - 60. Let w = y - 10. Suppose 0*t = -z - 2*t + 55, -z + 43 = w*t. What is the tens digit of z?
6
Let r(i) be the third derivative of -11*i**4/6 + i**3/6 + 22*i**2 + 1. Suppose -5*m - 10 = 0, 5 = x - 3*m - 0. What is the tens digit of r(x)?
4
What is the tens digit of 72/(-20)*(-8460)/54?
6
Let a = 14992 + -10892. What is the hundreds digit of a?
1
Suppose 0 = 10*h + 1948 - 38. Let d = h - -402. What is the hundreds digit of d?
2
What is the hundreds digit of (-4 - -6) + 1 + 1139 + (-6 - -3)?
1
Suppose 78*w - 430151 = 24*w + 94351. What is the units digit of w?
3
Suppose 10 + 34 = 4*b - m, 64 = 4*b + 4*m. Suppose 2*c + b = 5*h, 0 = 4*c + 5 - 1. What is the units digit of h/12 - (4 - 1293/18)?
8
Suppose -22*r + 826 + 1198 = 0. Suppose 1251 = 95*t - r*t. What is the hundreds digit of t?
4
Let j = -656 + 63380. What is the hundreds digit of j?
7
Let g(o) = -1703*o - 68. What is the tens digit of g(-1)?
3
Suppose -25*x = -7*x. Suppose x = 14*t - 14064 + 5216. What is the tens digit of t?
3
What is the units digit of 24/(-320)*5 + ((-391995)/(-24))/3?
4
Suppose -5*g - 5*l + 24480 = 0, 2*g - 39*l = -37*l + 9772. What is the units digit of g?
1
Let q be 12/(-9)*3 - (-2 + -181). Suppose i = 2*i - 5, 2*i - q = -s. What is the hundreds digit of s?
1
Let f(b) be the second derivative of -13*b**3/6 + 45*b**2/2 + 16*b. Let u be (-3 - -2)/(1/7). What is the units digit of f(u)?
6
Suppose 20*a + 15 = 15*a. Let s be 7/(35/330) - a. Suppose s*m = 76*m - 714. What is the tens digit of m?
0
Suppose 11259864 = 481*r - 77*r - 1789336. What is the ten thousands d